1173?
3
What is the ten thousands digit of 20963908?
6
What is the thousands digit of 369005370?
5
What is the hundred thousands digit of 39362198?
3
What is the units digit of 146709151?
1
What is the hundreds digit of 2155689816?
8
What is the thousands digit of 1061497855?
7
What is the tens digit of 114585081?
8
What is the tens digit of 250779631?
3
What is the hundred thousands digit of 30614915?
6
What is the hundred thousands digit of 140502509?
5
What is the units digit of 7346512?
2
What is the hundreds digit of 113150661?
6
What is the units digit of 2602227084?
4
What is the hundred thousands digit of 30977703?
9
What is the units digit of 389647797?
7
What is the millions digit of 257029584?
7
What is the ten thousands digit of 422766931?
6
What is the millions digit of 256731800?
6
What is the hundred thousands digit of 1850486263?
4
What is the ten thousands digit of 74006030?
0
What is the tens digit of 66288994?
9
What is the hundreds digit of 2910319601?
6
What is the units digit of 19267079?
9
What is the units digit of 37333885?
5
What is the tens digit of 5516362507?
0
What is the hundred thousands digit of 316309780?
3
What is the billions digit of 1202684623?
1
What is the ten millions digit of 293544202?
9
What is the thousands digit of 2025334008?
4
What is the hundreds digit of 3646967826?
8
What is the thousands digit of 71639797?
9
What is the ten millions digit of 504703363?
0
What is the billions digit of 2520329516?
2
What is the ten millions digit of 12752037?
1
What is the thousands digit of 121878562?
8
What is the ten thousands digit of 494412460?
1
What is the millions digit of 1006176215?
6
What is the hundreds digit of 204658861?
8
What is the thousands digit of 22948180?
8
What is the ten thousands digit of 9058190266?
9
What is the units digit of 1217628043?
3
What is the millions digit of 79124646?
9
What is the units digit of 342096908?
8
What is the tens digit of 7416353?
5
What is the units digit of 377537876?
6
What is the hundred thousands digit of 393261395?
2
What is the tens digit of 5246635137?
3
What is the tens digit of 7237458?
5
What is the ten millions digit of 98608775?
9
What is the hundreds digit of 36455448?
4
What is the millions digit of 1307948300?
7
What is the hundreds digit of 52319064?
0
What is the millions digit of 473414996?
3
What is the millions digit of 24258352?
4
What is the units digit of 166618400?
0
What is the hundreds digit of 235654412?
4
What is the hundreds digit of 24910285?
2
What is the hundreds digit of 14547489?
4
What is the hundred thousands digit of 928237819?
2
What is the millions digit of 525313009?
5
What is the millions digit of 3607942794?
7
What is the hundred thousands digit of 45266504?
2
What is the ten millions digit of 256164827?
5
What is the millions digit of 7738159146?
8
What is the ten thousands digit of 28539817?
3
What is the thousands digit of 9211929?
1
What is the ten millions digit of 4056785437?
5
What is the thousands digit of 93307334?
7
What is the hundred millions digit of 272260280?
2
What is the hundreds digit of 39425820?
8
What is the hundreds digit of 45885758?
7
What is the ten millions digit of 39651357?
3
What is the billions digit of 1755370825?
1
What is the ten millions digit of 20726870?
2
What is the hundred millions digit of 1357279288?
3
What is the hundred thousands digit of 9872871?
8
What is the thousands digit of 4130889039?
9
What is the tens digit of 4357513262?
6
What is the hundred thousands digit of 19592642?
5
What is the units digit of 38504409?
9
What is the tens digit of 779910832?
3
What is the ten millions digit of 36366333?
3
What is the millions digit of 2632777841?
2
What is the hundreds digit of 71477298?
2
What is the hundred thousands digit of 897442790?
4
What is the units digit of 362648835?
5
What is the billions digit of 2440751838?
2
What is the tens digit of 418973488?
8
What is the units digit of 68095379?
9
What is the millions digit of 10546998?
0
What is the thousands digit of 73174387?
4
What is the millions digit of 2335157405?
5
What is the units digit of 128862437?
7
What is the billions digit of 1271085126?
1
What is the hundreds digit of 64281598?
5
What is the hundred thousands digit of 2221930458?
9
What is the thousands digit of 9395897?
5
What is the units digit of 170616268?
8
What is the units digit of 48666826?
6
What is the thousands digit of 1329098850?
8
What is the ten millions digit of 79909199?
7
What is the tens digit of 248343234?
3
What is the hundred thousands digit of 1130145478?
1
What is the hundreds digit of 1276217525?
5
What is the millions digit of 1272983?
1
What is the ten thousands digit of 175340102?
4
What is the hundred millions digit of 380525396?
3
What is the units digit of 2184014394?
4
What is the tens digit of 2618832014?
1
What is the ten millions digit of 383086552?
8
What is the units digit of 131489504?
4
What is the hundreds digit of 2074494211?
2
What is the tens digit of 7153981?
8
What is the hundreds digit of 45200932?
9
What is the units digit of 18775550?
0
What is the hundreds digit of 306019302?
3
What is the hundred thousands digit of 96590137?
5
What is the ten thousands digit of 136051856?
5
What is the ten thousands digit of 489295192?
9
What is the units digit of 296473265?
5
What is the tens digit of 71783168?
6
What is the tens digit of 634341678?
7
What is the hundred thousands digit of 58007251?
0
What is the tens digit of 1834130?
3
What is the hundreds digit of 613245137?
1
What is the units digit of 245379118?
8
What is the ten millions digit of 126850283?
2
What is the millions digit of 2977698221?
7
What is the units digit of 454817821?
1
What is the thousands digit of 352655153?
5
What is the ten millions digit of 97748422?
9
What is the tens digit of 30276316?
1
What is the tens digit of 79518979?
7
What is the hundred thousands digit of 100057388?
0
What is the tens digit of 18151025?
2
What is the hundreds digit of 868202441?
4
What is the thousands digit of 1836359?
6
What is the ten thousands digit of 69160546?
6
What is the ten thousands digit of 2584001527?
0
What is the ten thousands digit of 38088878?
8
What is the ten thousands digit of 17533178?
3
What is the hundred thousands digit of 442620662?
6
What is the units digit of 13043764?
4
What is the tens digit of 6225706184?
8
What is the thousands digit of 1908061475?
1
What is the hundreds digit of 7012448491?
4
What is the millions digit of 401776248?
1
What is the ten thousands digit of 504103584?
0
What is the units digit of 27578615?
5
What is the billions digit of 1211223156?
1
What is the ten thousands digit of 226710459?
1
What is the tens digit of 295918411?
1
What is the units digit of 1298529705?
5
What is the hundred thousands digit of 1381202070?
2
What is the thousands digit of 452572249?
2
What is the hundred millions digit of 2018855348?
0
What is the units digit of 364549408?
8
What is the tens digit of 26253605?
0
What is the tens digit of 462396859?
5
What is the thousands digit of 42870046?
0
What is the ten thousands digit of 2428640389?
4
What is the thousands digit of 194748997?
8
What is the units digit of 2437026653?
3
What is the ten millions digit of 224435573?
2
What is the tens digit of 720137286?
8
What is the tens digit of 41942742?
4
What is the hundred thousands digit of 615336951?
3
What is the millions digit of 64983789?
4
What is the tens digit of 979409544?
4
What is the hundreds digit of 178226668?
6
What is the ten thousands digit of 518634300?
3
What is the hundreds digit of 55126389?
3
What is the millions digit of 907419649?
7
What is the ten thousands digit of 154296178?
9
What is the thousands digit of 1170584588?
4
What is the ten millions digit of 24739066?
2
What is the ten millions digit of 2083343653?
8
What is the hundred millions digit of 8209978982?
2
What is the hundred thousands digit of 1452980469?
9
What is the millions digit of 48251024?
8
What is the ten thousands digit of 1343369263?
6
What is the hundred thousands digit of 144963018?
9
What is the units digit of 2056408778?
8
What is the tens digit of 196860571?
7
What is the millions digit of 840521705?
0
What is the hundred millions digi